hat is the tens digit of 14 + -11 + 1 + -2 + y?
6
Let y(z) = 49*z - 21. Let q(v) = 32*v - 14. Let u(b) = -8*q(b) + 5*y(b). Let t be -4 + (-1)/(-1) - 7. What is the tens digit of u(t)?
1
What is the ten thousands digit of 3 - (-33)/(-15) - 89176/(-5)?
1
Let c be -86*((-3 - 0) + -4)/1. Suppose -2*m = l - c, 5*l - 6 - 4 = 0. What is the tens digit of m?
0
What is the hundreds digit of 75121/7 - ((-1280)/112)/(-20)?
7
Suppose -31*m + 48*m - 638438 - 208485 = 0. What is the units digit of m?
9
Let u(g) = 23652*g - 9493. What is the tens digit of u(3)?
6
Let d(g) = 2*g**3 - 11*g**2 + 19*g. Let q be d(13). Suppose 666 + q = 8*i. What is the tens digit of i?
3
What is the units digit of (-7210632)/(-1001) + 3/(-42)*6?
3
Let r be (-1087)/(-6 - (-1 + -4)). Let g = r + -724. What is the units digit of g?
3
Suppose 5*o + 1417 + 1078 = 0. Let i be 14/49 - o/(-7). Let h = -50 - i. What is the tens digit of h?
2
Suppose 14088 = 2*x - 4758. What is the units digit of x?
3
Suppose 714914 - 117458 = 36*t. What is the units digit of t?
6
Suppose -3 = -3*v, 0 = 4*r + 216*v - 215*v - 3285. What is the hundreds digit of r?
8
Let m = 68 - 5. Suppose -2*o = -2*q + 3*q + 7, 5*q + 3*o = -m. What is the units digit of (-2)/q + (-718)/(-15)?
8
Let v(z) = z**2 + 6*z - 1. Let y be v(-6). Suppose 0 = -u - 4*c - 3, -23*u + 27*u + 4*c - 12 = 0. What is the tens digit of ((-435)/25)/(y/u)?
8
Let w(b) = 41*b**3 - b**2 - 2*b - 1. Let i(z) = -z - 19. Let x be i(-18). Let d be w(x). Let a = d + 86. What is the tens digit of a?
4
Let j = 10 - 7. Suppose 0 = 3*y + j*k - 30, 0 = -0*k + 2*k - 4. Suppose 65 = y*a - 3*a. What is the tens digit of a?
1
Suppose -2*x - 2*l - 6 = 0, -x - 9 = 25*l - 21*l. Let t(j) = -528*j**3 + 4*j**2 + j + 1. What is the units digit of t(x)?
2
Suppose 24 = 31*x - 23*x. Suppose 5*u - 3*i - 7560 = 2*i, 3*i + x = 0. What is the hundreds digit of u?
5
Let w = 17213 - 7297. What is the units digit of w?
6
Suppose 1026 = -2*p + 1016. What is the units digit of 2181/15 - ((-84)/15 - p)?
6
Suppose l + 5*l - 120 = 0. Suppose 4*b = 4*v + 32, 0 = -5*b - l - 5. Let u(i) = -7*i + 10. What is the units digit of u(v)?
1
Let i(q) = 2058*q - 119. What is the thousands digit of i(3)?
6
Let v be 20/(-15)*(-36)/16. Suppose -v*d - 9*d + 3768 = 0. What is the tens digit of d?
1
Let f = 17675 + 17362. What is the thousands digit of f?
5
Suppose 4*s - 4*m - 16 = 0, 63*s - 61*s = 3*m + 12. Suppose 0 = f - 5*a - 1152, s = -3*f - 5*a - 0*a + 3496. What is the thousands digit of f?
1
Let g(z) = -6*z + 1. Suppose -5*r - 5*f + 15 = 0, -5*f = r - f. Suppose 5*u + r = -11. What is the tens digit of g(u)?
1
Suppose -212266 = 40*n - 482156 - 424670. What is the ten thousands digit of n?
1
Let y(g) = 2*g**2 + 0 + 0*g**3 - 1 - 3*g**3 - 1 - 10*g + 2*g**2. What is the hundreds digit of y(-5)?
5
Suppose 0 = -u - 2*s + 259, 2*u + 2*s = -2*u + 1036. Suppose -9*q = -61 + u. Let y = 91 + q. What is the units digit of y?
9
Let r be 928/20 - (-4)/(-10). Let j = 17 + r. Suppose -5*q + j = 2*q. What is the units digit of q?
9
Let j(n) = 8*n + 159. Let b be j(-17). Suppose -13*h - b*h + 3312 = 0. What is the tens digit of h?
9
Let u = -9969 - -6746. Let k = -1759 - u. What is the tens digit of 4/10 - -2*k/30?
9
Suppose -192*h - 125*h + 5368318 = 82660. What is the hundreds digit of h?
6
Let a(g) = 39*g**3 + 3*g**2 + 5. Let n be a(-3). Let y = n - -1757. Suppose 0 = 9*c + y - 3292. What is the units digit of c?
4
Let f be 1/5 - 8/40. Let p be -8*(f - (-15)/6). Let q = 20 - p. What is the tens digit of q?
4
Let l be (-2 + 2 + 8/(-4))*-1. Let j be -3 - (-1)/(4/300). Suppose -j = -4*n + 3*s, -l*n + 46 = s - 0*s. What is the units digit of n?
1
Suppose 4*z + 5*b + 2188 = z, 3*z + 4*b = -2186. Let l = 1131 + z. Suppose -359 = -4*d + l. What is the units digit of d?
1
Let y = 1871 + -813. Let l = 1594 - y. What is the units digit of l?
6
Let s be 30/(-9) - -2 - (-20)/60. What is the units digit of (s/2)/(8/(-32)) - -439?
1
Let w = -859 + 4966. Suppose 11*n - w - 1151 = 0. What is the hundreds digit of n?
4
Suppose 0*v + 4*v = -2*a + 16, -7 = a - 3*v. Suppose -4*z + 5*t + 2435 = 6*t, -a*t = z - 607. What is the units digit of z?
9
Let w be 0/((-60)/140 + 4/(-7)). Suppose w = 6*l + 6 - 186. Let g = l - -80. What is the hundreds digit of g?
1
Let n(r) = r**3 + 62*r**2 + 95*r + 21. What is the hundreds digit of n(-60)?
5
Let x be (-10)/25 + (-22)/(-5). Suppose x*k + 2*m = k - 6, -k - 16 = -4*m. What is the hundreds digit of 105 + k + -3 + 4?
1
Let x(o) = 2*o**2 - 37*o + 55. Let l be x(16). Let u(a) = -2*a + 45. What is the units digit of u(l)?
5
Let q(s) = 39*s + 19. Suppose 5*y = 4*x + 32, -x = -2*y + 11 + 3. Let g be 5 - y - -4 - -1*4. What is the hundreds digit of q(g)?
2
Suppose 864 - 160 = g. Let d = g - 179. What is the units digit of d?
5
Suppose -i - 51615 = -3*m, -4*i = 3*m - 9995 - 41590. What is the thousands digit of m?
7
Let a be 12/((-1)/(0 + -13)). Suppose -a = -4*f - 468. Let p = f + 90. What is the tens digit of p?
1
Let j(i) = -8825*i + 2723. What is the ten thousands digit of j(-4)?
3
Let q(d) = -4*d**2 - 10*d + 77. Let u(s) = -9*s**2 - 21*s + 154. Let w(x) = 13*q(x) - 6*u(x). What is the tens digit of w(12)?
1
Let j = -57521 + 86173. Suppose 0 = 9*g + 29*g - j. What is the hundreds digit of g?
7
Suppose 0 = 129*h - 125*h - 28008. What is the units digit of h?
2
Let k(i) = -i**3 + i**2 - 11*i - 6. Let d be (-3)/(53/(-10) - -5). Let f(q) = -3*q + 25. Let w be f(d). What is the units digit of k(w)?
9
Let g = -55150 - -112694. What is the ten thousands digit of g?
5
Let u = -9 + 14. Suppose 3*x - 2*i = -5*i - 6, -3*i - 22 = -u*x. Suppose -9*m = -x*m - 553. What is the tens digit of m?
7
Let l(o) be the third derivative of 0 + 31*o**2 - o**3 + 13/24*o**4 + 0*o. What is the hundreds digit of l(16)?
2
Suppose 0 = -g - 3*n + 699, -2103 = 6*g - 9*g - 3*n. Let h = -491 + g. What is the units digit of h?
1
Let h = 76 + -64. What is the hundreds digit of 6018/h + 3/(-6)?
5
Suppose 13*m = 16*m + 3. Let g(h) = 113*h**2 - 2*h - 3. What is the tens digit of g(m)?
1
Suppose 0 = 104*a - 99*a - 3*w - 199502, a = -5*w + 39878. What is the tens digit of a?
9
Let u(s) = 223*s - 1394. What is the units digit of u(53)?
5
Suppose -2*t + 5*u + 18 + 2 = 0, -2*u = 4. Let q = 3 + t. What is the tens digit of 4/q + (-58)/(-4)?
1
Let n = -88 + 82. What is the units digit of (-269)/(n/(6/1))?
9
Let z(y) = -y**3 + 25*y**2 - 25*y + 30. Let q be z(24). Suppose q*n = -3*n - 18. Let m(u) = -139*u. What is the tens digit of m(n)?
7
Suppose 12*u - 10*u = -2*c - 28, 2*u = 8. Let r(l) = 5*l**2 + 3*l**2 + 11*l - 6*l**2 - l**2 - 18. What is the units digit of r(c)?
8
Suppose 5*d - 4*d = -3*r + 5, -12 = -4*r + 4*d. Suppose -2*n + 762 = r*z, -2*z + 337 = -2*n + 1111. What is the units digit of n?
4
Let u be 744/(-6) - (-6)/3*-2. Let a = u + 1305. What is the hundreds digit of a?
1
Suppose 14853 = j - 4*w, 14*j = 17*j - w - 44482. What is the tens digit of j?
2
Let o(i) be the first derivative of 21*i**3 + 34*i**2 - i + 228. What is the units digit of o(5)?
4
Suppose 2*i + 4*p = 97802, -20*p + 22*p = -2*i + 97804. What is the thousands digit of i?
8
Let f(m) = 50*m**3 - 12*m**2 + m - 8. Let y(u) = -149*u**3 + 35*u**2 - 2*u + 23. Let l(w) = 17*f(w) + 6*y(w). What is the tens digit of l(-3)?
2
Let r be (95/(-25) + 3)*-10. Suppose r*k - 5*k - 39 = 0. Suppose 3*d = 5 + k. What is the units digit of d?
6
Let t(m) = 8*m**2 - 9*m + 13. Let b be t(10). Let o = 2663 - b. What is the units digit of o?
0
Let p = 374 + -182. Suppose -8*f - p = -11*f. What is the tens digit of 2*f + -10 + 6?
2
Suppose 5*x + 80240 = 25*x. Suppose 806 = p - 3*t, 11*p + 3*t - x = 6*p. What is the units digit of p?
3
Suppose -186553 = -126*o + 495673 + 692560. What is the thousands digit of o?
0
Let j(h) = -92*h**3 + 4*h**2 - 7*h + 6. Let u(z) = -10 + 4*z**3 - 3 - 9*z**2 + 180*z**3 + 15*z. Let m(o) = -9*j(o) - 4*u(o). What is the tens digit of m(1)?
9
Suppose -m - 2*a = -4, -5*a = -4*m + 3 - 0. Let q be 274/4*(-2 + -2)/m. Let j = q + 225. What is the units digit of j?
8
Let d(l) = 12*l**3 + 4*l**2 - 2*l - 3. Let w be d(2). Suppose w = -2*y - 5*y. What is the units digit of ((-9)/y)/(2 + 76/(-40))?
6
Suppose -3*i + 4*z + 80740 = 0, 45*i = 50*i + 3*z - 134499. What is th